ase 13.
-7
Convert 19e5 (base 15) to base 8.
12757
-44167 (base 8) to base 7
-105041
What is 18972 (base 11) in base 8?
63531
-782 (base 9) to base 6
-2545
What is -890 (base 13) in base 10?
-1469
Convert 55aa (base 16) to base 2.
101010110101010
Convert -131ac (base 15) to base 13.
-21a9b
What is 1411342 (base 5) in base 2?
111000100101100
Convert 10303 (base 4) to base 6.
1231
Convert -922 (base 14) to base 4.
-130002
Convert -23245 (base 7) to base 11.
-4530
99f (base 16) to base 5
34323
What is 1150 (base 12) in base 11?
14a7
387b (base 13) to base 6
101125
106 (base 11) to base 6
331
368 (base 15) to base 12
545
What is -4451 (base 10) in base 9?
-6085
What is 602 (base 10) in base 16?
25a
662 (base 9) to base 4
20132
What is 4201 (base 5) in base 11?
461
What is -43433 (base 5) in base 13?
-1493
What is 290 (base 11) in base 4?
11111
What is -25a (base 11) in base 15?
-157
What is 7318 (base 10) in base 6?
53514
Convert 553 (base 10) to base 2.
1000101001
What is -3002033 (base 4) in base 11?
-9381
What is 226 (base 10) in base 14?
122
Convert 4383 (base 14) to base 12.
6913
288b (base 12) to base 8
11153
-234 (base 12) to base 5
-2303
Convert -13001 (base 5) to base 13.
-5c0
Convert -a232 (base 11) to base 12.
-7a43
What is -4958 (base 14) in base 7?
-52241
Convert -32341 (base 8) to base 12.
-7a01
What is 442 (base 15) in base 12?
682
Convert -9cac (base 13) to base 9.
-33081
Convert 1010100012 (base 3) to base 15.
6848
Convert 1141 (base 10) to base 12.
7b1
Convert 3202222 (base 4) to base 8.
34252
11100101 (base 2) to base 16
e5
26c (base 15) to base 16
228
1011111111011111 (base 2) to base 16
bfdf
What is -1a75 (base 13) in base 8?
-7617
-1311 (base 10) to base 3
-1210120
Convert 14394 (base 10) to base 6.
150350
Convert c916 (base 13) to base 12.
14194
What is -212222222 (base 3) in base 9?
-25888
What is 1020 (base 6) in base 4?
3210
25554 (base 6) to base 10
3886
-53530 (base 7) to base 8
-31764
What is 1321 (base 4) in base 10?
121
-13c4 (base 15) to base 14
-1786
What is 1637 (base 11) in base 14?
a9b
-9087 (base 10) to base 14
-3451
Convert 100010011001110 (base 2) to base 5.
1030424
What is 2100 (base 16) in base 7?
33426
202100 (base 3) to base 11
45a
What is -11000001 (base 2) in base 15?
-cd
Convert -1122111211 (base 3) to base 7.
-163414
Convert -15a1 (base 12) to base 5.
-40234
What is 20663 (base 7) in base 13?
2456
Convert 1327 (base 10) to base 8.
2457
-2342 (base 10) to base 8
-4446
Convert -2003 (base 7) to base 2.
-1010110001
Convert -2832 (base 11) to base 9.
-5022
What is 22211 (base 3) in base 7?
460
Convert -a94 (base 15) to base 12.
-1471
Convert -574b (base 13) to base 9.
-17700
What is -1187 (base 9) in base 5?
-12024
240412 (base 5) to base 12
5161
1565 (base 11) to base 13
bb5
1026b (base 13) to base 14
a7c8
Convert -45 (base 9) to base 2.
-101001
Convert -167 (base 9) to base 3.
-12021
What is 30141 (base 5) in base 15?
881
What is 200011 (base 4) in base 13?
c1c
What is 265a8 (base 11) in base 16?
9467
What is -10100111000 (base 2) in base 5?
-20321
355 (base 16) to base 7
2326
-32 (base 10) to base 9
-35
-189 (base 14) to base 10
-317
What is 1ba9 (base 16) in base 2?
1101110101001
What is -2431 (base 6) in base 11?
-4a1
Convert -b343 (base 14) to base 10.
-30831
What is 3120 (base 9) in base 14?
b94
What is 195c (base 16) in base 5?
201432
216 (base 16) to base 5
4114
What is -10101011100001100 (base 2) in base 5?
-10302240
1101010111111 (base 2) to base 7
25651
What is -254 (base 9) in base 15?
-e1
What is -1618 (base 10) in base 2?
-11001010010
Convert -2110 (base 6) to base 7.
-1245
What is 3688 (base 9) in base 3?
10202222
What is -26256 (base 7) in base 10?
-6999
What is 80ab (base 16) in base 10?
32939
What is 12234 (base 5) in base 13?
578
-5871 (base 10) to base 14
-21d5
-12642 (base 7) to base 11
-2621
146 (base 13) to base 16
e3
What is -10123 (base 5) in base 14?
-355
Convert -24455 (base 6) to base 13.
-1868
-14530 (base 6) to base 11
-1854
2312 (base 8) to base 15
56b
What is 637 (base 8) in base 11?
348
What is -3639 (base 10) in base 14?
-147d
What is -1be7 (base 16) in base 10?
-7143
Convert 9386 (base 10) to base 9.
13778
Convert 45e (base 16) to base 4.
101132
Convert -1a5 (base 14) to base 11.
-290
Convert 18034 (base 11) to base 3.
1021202000
Convert 5a5 (base 11) to base 6.
3200
2001111 (base 4) to base 14
3033
-a64 (base 11) to base 7
-3506
Convert -1210120 (base 3) to base 14.
-699
What is 4030 (base 9) in base 12?
1853
Convert 47b (base 12) to base 10.
671
-274 (base 14) to base 13
-2c0
-4324003 (base 5) to base 2
-10001111110011100
What is -23000 (base 5) in base 14?
-841
Convert -3014 (base 6) to base 2.
-1010010010
6de (base 16) to base 14
8d8
-1122201222 (base 3) to base 4
-13331213
Convert 10100100000011 (base 2) to base 15.
319e
Convert -700 (base 12) to base 15.
-473
Convert -189b4 (base 12) to base 4.
-20302120
Convert 2263 (base 7) to base 6.
3501
eec (base 16) to base 13
197b
Convert 4141424 (base 5) to base 2.
10000101100001100
What is -1782 (base 15) in base 4?
-1033100
What is 4154 (base 15) in base 5?
420204
-120000210 (base 3) to base 7
-43641
3012100 (base 4) to base 7
51664
Convert -601 (base 9) to base 6.
-2131
What is -3130312 (base 4) in base 14?
-5218
Convert -3abc (base 14) to base 15.
-3108
Convert 1222 (base 3) to base 9.
58
-1513 (base 8) to base 6
-3523
Convert 6cbc (base 13) to base 16.
3c05
-1398 (base 12) to base 5
-33101
What is 8571 (base 10) in base 7?
33663
What is 110011001 (base 2) in base 8?
631
-204251 (base 7) to base 4
-20210300
694 (base 13) to base 10
1135
Convert -200 (base 6) to base 11.
-66
23a (base 14) to base 10
444
Convert 5325 (base 15) to base 7.
102161
What is -104121 (base 5) in base 9?
-5017
2359 (base 12) to base 8
7565
446 (base 14) to base 4
31032
What is 103340 (base 5) in base 8?
7013
Convert 678 (base 12) to base 15.
43b
481 (base 14) to base 12
629
What is -11231 (base 4) in base 5?
-2430
What is -14769 (base 14) in base 3?
-2120202121
What is 4666 (base 8) in base 15?
b0b
-2301 (base 7) to base 14
-438
Convert 120120 (base 3) to base 15.
1d0
Convert 116 (base 14) to base 11.
187
What is 140b (base 12) in base 11?
1815
-14787 (base 10) to base 11
-10123
What is -10015 (base 13) in base 7?
-146215
What is 33524 (base 7) in base 11?
6423
6615 (base 8) to base 7
13054
-7735 (base 14) to base 13
-9509
Convert 3221 (base 10) to base 13.
160a
-22023 (base 6) to base 5
-44124
-1da (base 14) to base 15
-1ad
Convert 10012002 (base 3) to base 15.
a4e
Convert -23130 (base 6) to base 9.
-4460
What is -1424 (base 5) in base 10?
-239
5a57 (base 13) to base 4
3013023
-16699 (base 11) to base 14
-879b
Convert 300 (base 6) to base 3.
11000
What is d82 (base 16) in base 7?
13040
What is 14601 (base 7) in base 5?
112233
680 (base 11) to base 9
1104
-1231123 (base 4) to base 15
-211d
Convert 693 (base 15) to base 4.
113100
7567 (base 12) to base 10
12895
10011111010 (base 2) to base 8
2372
792 (base 10) to base 4
30120
What is -21432 (base 9) in base 14?
-5268
What is 651 (base 8) in base 11?
357
1042 (base 6) to base 15
112
Convert -46764 (base 10) to base 13.
-18393
-4bb3 (base 15) to base 3
-211010220
Convert -10100100101 (base 2) to base 15.
-5cc
Convert 10021022 (base 3) to base 15.
a8e
Convert -17314 (base 9) to base 12.
-6a94
1a337 (base 14) to base 12
32591
-26030 (base 7) to base 12
-3b95
What is -696 (base 11) in base 13?
-4bc
What is -76 (base 16) in base 13?
-91
What is 2710 (base 11) in base 15?
109a
What is -2244 (base 11) in base 4?
-232020
Convert 49b (base 15) to base 9.
1382
What is -38a3 (base 15) in base 7?
-50133
What is 17b (base 13) in base 11?
227
Convert -1022202111 (base 3) to base 11.
-18649
What is -821a (base 12) in base 7?
-56131
-22210 (base 4) to base 16
-2a4
Convert -10b (base 12) to base 3.
-12202
What is 10468 (base 12) in base 8?
51620
What is -1819 (base 11) in base 6?
-14423
-421240 (base 5) to base 13
-6469
What is -101010001010 (base 2) in base 15?
-bed
Convert 200122 (base 3) to base 9.
618
Convert 14430 (base 5) to base 11.
a28
-10457 (base 9) to base 8
-15431
What is 6243 (base 13) in base 10?
13575
Convert -1101101110 (base 2) to base 14.
-46a
-1019 (base 14) to base 11
-2096
Convert -2ba (b